7?
-7
Evaluate 1 - (-5 + (4 - -3) + -4).
3
2 - 2 - -1 - 0 - -1
2
3 - 1 - (0 - -4) - -1
-1
Calculate 5 + -13 - -10 - 1.
1
Calculate 0 + (2 - (-3 + 10)).
-5
What is -2 - ((1 - 4) + 5)?
-4
-4 + 0 + -1 + 3
-2
What is the value of 4 - 2 - (-12 + 10)?
4
What is the value of -7 + 14 + -2 + -5?
0
What is -2 + -1 - 0 - 2?
-5
Evaluate -1 - -4 - (-9 + 10) - 1.
1
Calculate 6 + -2 + 4 + -9 + 3.
2
1 + -9 + 1 + 3
-4
What is (-11 + 5 - 2) + 7?
-1
Evaluate 4 + 5 + -6 - -1.
4
Evaluate (3 - (9 - 3)) + (0 - 0).
-3
Evaluate (7 - 2) + -4 + (-8 - -1).
-6
Evaluate 0 + (11 - 22) + 5.
-6
What is the value of 0 - 2 - (-11 - -7)?
2
-6 + 5 + (-2 - (0 - -1))
-4
(-8 - -4 - -3 - 0) + 6
5
What is the value of (-6 - -8) + -11 - -16?
7
What is 4 - ((-4 - -4) + 6 - 1)?
-1
What is the value of (4 - 6) + 0 + (-1 - -8)?
5
Evaluate -25 + 26 + (3 - -2) - 3.
3
Calculate 3 + (-4 + 0 - (-2 - 1)).
2
Calculate 10 - (6 - ((0 - 1) + 3)).
6
What is 12 + (-11 - -6) + -4?
3
What is the value of 1 + 7 - (-20 - -32)?
-4
What is -2 - -8 - (-10 - -7)?
9
What is 1 + 3 + (8 - 2) + -5?
5
Evaluate 0 - 4 - (30 - 24) - -1.
-9
Evaluate 8 + (-6 - (-8 + 10)).
0
7 - (3 + -1 + -4 + 6)
3
0 - (-2 - -2 - (3 - 6))
-3
What is -2 - -2 - -3 - (-1 - -1)?
3
Evaluate (2 - (-2 + -2)) + (13 - 14).
5
What is the value of (-7 - (-8 - -5) - -11) + -1?
6
(1 - 3 - 3) + 0 - -5
0
What is the value of -1 + (1 - -3) + 1?
4
What is the value of -3 - -1 - (-4 + 2)?
0
Evaluate 6 + (1 - 3) + 5.
9
Evaluate 3 + -11 + -9 + 15.
-2
Calculate 4 + -2 - (0 - (-5 - 0)).
-3
Evaluate (-8 - -4) + 3 + -5.
-6
Evaluate (-10 - (-19 + 9)) + -6.
-6
What is (-1 - 3) + -36 + 35 + 11?
6
Calculate 3 - (-1 + 0) - (56 - 54).
2
(-9 - -13) + (-2 - -2)
4
(2 - (-12 + 11)) + 0
3
Evaluate (-2 - 0) + (32 - 27).
3
Calculate -10 + (1 + -9 - -11).
-7
What is 8 - (15 + -8 - 2)?
3
(1 + 0 - -1) + (1 - 5)
-2
Evaluate 2 - (11 + (-12 - -4)).
-1
What is the value of (-7 - (-1 - (3 - 2))) + 5?
0
What is -12 + 1 + (-123 - -136)?
2
What is the value of (-13 - -10) + (1 - (-1 - 1))?
0
Evaluate 5 + 1 + 8 + -12.
2
2 + 2 - ((8 - 9) + -4)
9
Evaluate 2 + (5 - (-9 + 19)).
-3
What is the value of 6 + (-7 - -1) + -2 - 2?
-4
Evaluate (7 - 3 - 3) + -1.
0
What is -2 - -2 - 0 - -3?
3
Evaluate 0 + -4 + -3 + 3.
-4
Evaluate 4 + (-5 - 12) + (6 - 3).
-10
Calculate 97 + -93 - (4 + 0).
0
What is the value of (-2 + -5 - -4) + 3?
0
2 + (0 - 2 - 1) - 3
-4
Calculate 1 + -1 - -1 - 3.
-2
What is -12 - (8 + (3 - 8) + -7)?
-8
-1 + -1 + 5 + -1
2
What is the value of -5 - 1 - (0 + 3 + -6)?
-3
(0 - (4 - 5)) + 3
4
What is -1 + 10 + -11 + 7?
5
(2 + -10 - -1) + 5 + 1
-1
Calculate -14 - (25 - 46) - (0 + 1).
6
Calculate 4 - (9 + -9) - (0 - -2).
2
Evaluate -2 - (0 + 5 + -9).
2
What is the value of -8 - (-3 - (-2 + (0 - -3)))?
-4
What is -2 + 1 - -9 - (-26 - -31)?
3
Calculate -15 - -19 - (-2 - 0) - 2.
4
Calculate -1 + (4 + 2 - 2).
3
Evaluate 9 - 5 - (11 - 10).
3
Evaluate (-1 + 9 - 3) + -12.
-7
What is the value of 3 + 0 + 1 + -6 + 3?
1
Calculate (1 + (-3 - -2) - -4) + -5.
-1
Calculate (2 - (4 + -1 + -3)) + -3.
-1
Calculate -4 + 2 + -2 + -2 + 3.
-3
Evaluate 37 + -41 - (-5 + -1 + 0).
2
(-9 - -3) + -1 - (2 + -6)
-3
Evaluate 0 + -1 - ((-6 - -10) + 1).
-6
What is -6 - (0 + -1) - (267 - 273)?
1
What is the value of 8 - (-8 + 9 - (0 + -2))?
5
2 + 18 - (67 + -57)
10
What is the value of 6 + (-1 + -3 - -2) + -2?
2
-8 + 2 - ((-1 - 3) + 1)
-3
Calculate -1 + 2 + 0 - (-10 - -6).
5
1 + 15 + -8 + -2
6
Calculate (4 - (4 + -4)) + -7 - 1.
-4
Evaluate 5 - (-1 + 5 + -9 - -9).
1
What is the value of -1 - (0 - -13) - (-246 + 239)?
-7
What is the value of 2 - ((2 - 4 - -3) + -1)?
2
Evaluate -2 - (0 + (-6 - 1)).
5
Evaluate -1 - (-4 + -2 + 0).
5
Calculate 3 + (9 - (-9 + 20)).
1
What is the value of -13 + 25 + -9 - (-1 + 6)?
-2
-2 + 3 + (7 - (2 + 2))
4
Evaluate 1 + -3 + -9 + 16.
5
What is the value of -3 - (-2 - 1) - -5?
5
What is the value of -1 + (3 - (1 + -4))?
5
Evaluate -7 + 7 + (0 + 2 - 4).
-2
What is -3 - (-7 + -11 + 17)?
-2
Calculate 7 + -2 - ((-3 - -2) + 13).
-7
Evaluate -1 - -5 - 2 - 0.
2
Evaluate -7 + (-2 - -6) + -2.
-5
What is 7 + -7 - (0 - -1)?
-1
What is the value of (210 - 225) + (14 - 1)?
-2
What is -2 - (-8 + 0 + 6 - -5)?
-5
Evaluate -7 + (4 - (-1 - -4)).
-6
Calculate -3 - (0 + -4 + 4 + -4).
1
0 - 2 - (8 - (4 + -1))
-7
Evaluate 1 - (5 + (3 - 10)).
3
What is the value of 4 + -5 + 14 + -10?
3
Evaluate (-1 - 3) + -1 + (-6 - -5).
-6
Calculate 7 - (1 + (7 - 0)) - 6.
-7
Calculate 49 - 55 - (-1 + (2 - 7)).
0
What is the value of 15 + (-16 - -7) + -5?
1
Calculate 5 - (3 + -5 + 5).
2
(0 - 4) + (-52 - -54)
-2
What is 0 - (-1 - (4 + -3)) - 1?
1
What is the value of 13 - 6 - ((4 - -5) + -2)?
0
Evaluate (6 - (-5 + 1) - 5) + -8.
-3
Evaluate 1 + (-4 - 1 - (-18 - -7)).
7
Calculate 4 + -2 + 2 + (12 - 16).
0
What is 15 + -20 + 2 - (-1 - 10)?
8
Evaluate -4 - (-4 - (5 - 4)).
1
What is the value of -9 + -5 + 5 + -2 - -6?
-5
Evaluate (-5 - 1) + -1 - -9 - 12.
-10
Evaluate -1 + -10 + 10 + (-2 - 6).
-9
What is 4 + (-4 - 2) + 2 + 3?
3
What is the value of 6 + -12 + 17 + -5?
6
What is the value of 4 - (14 - (8 - 3))?
-5
What is the value of (3 - 5) + 7 - (-3 + 2)?
6
(-8 - -11) + (-7 - -1)
-3
Evaluate (6 - 8) + (-1 - 1) + 0.
-4
Evaluate 6 + -8 - (0 + -3).
1
19 + -9 + -12 - -1
-1
What is the value of (1 + (2 - 7) - -4) + 4?
4
Evaluate -4 + -1 + 7 + (4 - 9).
-3
0 - (-1 - 0) - (-14 - -10)
5
Calculate (-17 + 17 - (-4 - -4)) + -5.
-5
What is the value of 6 + (2 - 6) - (-3 + 5)?
0
0 + (-4 - (-8 - -3) - -3)
4
-4 + -7 + 1 + 8 - 5
-7
What is -5 - (11 + 6 + -12 - 7)?
-3
What is the value of 0 + -4 + (-14 - -11) - -4?
-3
Evaluate 0 + -4 + 8 + -7.
-3
Calculate -2 + (5 - (-2 + 3)) + -2.
0
What is 1 - (3 + -2 + (40 - 40))?
0
What is -8 + (5 - (1 - (-4 + 3)))?
-5
Evaluate 5 - (1 - 2) - 1 - 8.
-3
What is (-15 - (3 - 8)) + 4?
-6
-6 + 0 - (73 + -85)
6
-7 + 3 + -6 + 11
1
-1 + (-3 - (1 - -3) - -3)
-5
Evaluate -3 + -6 - -7 - -4.
2
14 - (-7 - (-19 - 1))
1
Evaluate (0 + 0 - -5) + 0 - 5.
0
What is (2 - 0) + (8 - 14)?
-4
3 + 1 + 0 + 26 + -31
-1
What is 4 - ((-50 - -53) + 1 + 1)?
-1
Evaluate -14 + (21 + 1 - 13).
-5
Calculate -4 + (-6 - 1) + 7.
-4
Calculate 31 + -26 - (2 + -1 + 2).
2
Calculate 7 - (2 + (2 - 4)).
7
Calculate 0 - ((2 - 1) + (-4 - -3)).
0
What is the value of 4 + -9 + (0 - -8)?
3
What is 3 + -8 + 4 - -4?
3
What is -2 + 1 + -2 + 4?
1
6 - (8 - (6 + -7))
-3
3 - (4 + -3 + 6 + -3)
-1
What is the value of 7 + -4 + -8 + (1 - -4)?
0
1 + 2 + -7 + 4
0
What is 0 + 3 + 9 - 11?
1
Evaluate (3 - -3) + (3 - (5 + -2)).
6
-5 + (3 - 0) - -1
-1
Calculate -1 - (1 - (-3 + 0 + 0)).
-5
5 + (-1 - 1) - (-8 + 6)
5
1 - (-3 + 2 + 0)
2
5 + -2 + 8 - 6
5
1 + (10 - 6) - 5
0
What is the value of (1 - 4) + 6 + -5 + 3?
1
1 + -1 + 5 + -7
-2
-1 + (1 - 2) + -1 - -1
-2
What is 16 + 7 + -17 - -1?
7
Calculate 6 - (4 - -2 - (-12 + 19)).
7
Calculate -2 - 3 - (-1 + -1).
-3
-2 + (8 - 8) - -8
6
Evaluate -10 + 3 + 4 - -10 - 13.
-6
Evaluate (2 - (-1 + -1)) + -1 - -1.
4
What is -2 + 2 + -7 + 8 - -6?
7
Calculate (8 - 5 - -7) + -7.
3
-1 + (-1 - -6) + -1 + 1
4
Evaluate 3 - (7 - 0) - -6.
2
Calculate 3 - (3 - (2 - 1)).
1
Calculate 1 - (-2 - -2) - (2 + -4).
3
Calculate -7 - (-3 - -9 - 17).
4
What is (0 - -4) + (6 - 1 - 4)?
5
What is the value of 4 + (2 + -2 - -1)?
5
What is (4 + -3 + 3 - 3) + 2?
3
Evaluate (-10 - -11) + (-6 - -1).
-4
2 + 1 + -11 + 13 + -11
-6
3 - (3 + -4 - 1 - -1)
4
What is 7 + (3 - 10) + 6?
6
What is -5 + 7 + 0 + 3 - -5?
10
What is 12 + -3 + -6 + -3 + 0?
0
1 - ((-4 - -2 - 1) + 1)
3
Evaluate 9 + (-4 + -3 - -5).
7
Evaluate 1 + (-3 - 3) + 2.
-3
Evaluate -1 + -6 + 1 + 4 + -4.
-6
-6 + -1 + (31 - 17)
7
What is the value of 12 - (10 - (7 - 4))?
5
Evaluate (-3 - -1) + -2 + 0 + 0.
-4
Calculate -3 - -6 - -4 - 4 - 0.
3
What is (8 - (5 - 3)) + -2 - 5?
-1
What is 1 - (3 + -2) - (5 - 6)?
1
What is -1 + -2 - (-3 + 8) - -1?
-7
Evaluate 9 + -4 + -3 + 1 + 2.
5
What is -6 + (7 - 8) + 1?
-6
Evaluate 9 - (11 + -1 - (42 + -36)).
5
What is the value of (-2 - (-3 - 1)) + -2 - 2?
-2
What is the value of 1 - -1 - (11 + -4) - -2?
-3
What is 0 + (-3 - -2) + 1?
0
What is the value of (0 - 0) + 20 + -20 + -6?
-6
What is the value of (-6 - -12) + -4 - (7 - 2)?
-3
Evaluate (-1 + 2 - 5) + 0.
-4
What is (3 + -1 - (2 + -3)) + -8?
-5
Evaluate 2 - (-5 - (5 + -20)).
-8
Calculate 2 - (1 + -1) - (26 - 26).
2
Evaluate -4 + -2 + 2 + 0.